{"id":43,"date":"2025-12-21T18:05:07","date_gmt":"2025-12-21T21:05:07","guid":{"rendered":"https:\/\/vibraenarmonia.cl\/?page_id=43"},"modified":"2026-01-08T10:59:21","modified_gmt":"2026-01-08T13:59:21","slug":"acerca-de","status":"publish","type":"page","link":"https:\/\/vibraenarmonia.cl\/?page_id=43","title":{"rendered":"NUESTRO PROP\u00d3SITO"},"content":{"rendered":"\n<p>Cuidar su belleza, salud y bienestar en un ambiente c\u00e1lido y profesional.<\/p>\n\n\n\n<div class=\"wp-block-columns alignwide is-layout-flex wp-container-core-columns-is-layout-28f84493 wp-block-columns-is-layout-flex\">\n<div class=\"wp-block-column is-layout-flow wp-block-column-is-layout-flow\">\n<figure class=\"wp-block-image size-full\"><img loading=\"lazy\" decoding=\"async\" width=\"1024\" height=\"683\" src=\"https:\/\/vibraenarmonia.cl\/wp-content\/uploads\/2026\/01\/IMG_0424_processed.jpg\" alt=\"\" class=\"wp-image-545\" srcset=\"https:\/\/vibraenarmonia.cl\/wp-content\/uploads\/2026\/01\/IMG_0424_processed.jpg 1024w, https:\/\/vibraenarmonia.cl\/wp-content\/uploads\/2026\/01\/IMG_0424_processed-300x200.jpg 300w\" sizes=\"auto, (max-width: 1024px) 100vw, 1024px\" \/><\/figure>\n\n\n\n<p class=\"has-text-align-center has-text-color\" style=\"color:#7a7a7a\"><mark style=\"background-color:rgba(0, 0, 0, 0)\" class=\"has-inline-color has-foreground-color\">Realizar un tratamiento orientado al cuidado y bienestar del rostro, ideal para relajar, revitalizar y mantener una piel saludable. A trav\u00e9s de maniobras suaves y continuas, ayuda a mejorar la circulaci\u00f3n, aportar frescura y promover una sensaci\u00f3n general de descanso y bienestar<\/mark>.<\/p>\n<\/div>\n\n\n\n<div class=\"wp-block-column is-layout-flow wp-block-column-is-layout-flow\">\n<figure class=\"wp-block-image size-full\"><img loading=\"lazy\" decoding=\"async\" width=\"1024\" height=\"683\" src=\"https:\/\/vibraenarmonia.cl\/wp-content\/uploads\/2026\/01\/IMG_0454_processed.jpg\" alt=\"\" class=\"wp-image-547\" srcset=\"https:\/\/vibraenarmonia.cl\/wp-content\/uploads\/2026\/01\/IMG_0454_processed.jpg 1024w, https:\/\/vibraenarmonia.cl\/wp-content\/uploads\/2026\/01\/IMG_0454_processed-300x200.jpg 300w\" sizes=\"auto, (max-width: 1024px) 100vw, 1024px\" \/><\/figure>\n\n\n\n<p class=\"has-text-align-center has-text-color\" style=\"color:#7a7a7a\"><mark style=\"background-color:rgba(0, 0, 0, 0)\" class=\"has-inline-color has-foreground-color\">En Centro Integral Vibra en Armon\u00eda, este servicio se realiza en un ambiente tranquilo y acogedor, pensado para que disfrutes de un momento de desconexi\u00f3n y autocuidado. Es una experiencia ideal para quienes buscan relajarse y dedicar tiempo al cuidado personal.<\/mark><\/p>\n<\/div>\n\n\n\n<div class=\"wp-block-column is-layout-flow wp-block-column-is-layout-flow\">\n<figure class=\"wp-block-image size-full\"><img loading=\"lazy\" decoding=\"async\" width=\"1024\" height=\"683\" src=\"https:\/\/vibraenarmonia.cl\/wp-content\/uploads\/2026\/01\/IMG_0469_processed.jpg\" alt=\"\" class=\"wp-image-549\" srcset=\"https:\/\/vibraenarmonia.cl\/wp-content\/uploads\/2026\/01\/IMG_0469_processed.jpg 1024w, https:\/\/vibraenarmonia.cl\/wp-content\/uploads\/2026\/01\/IMG_0469_processed-300x200.jpg 300w\" sizes=\"auto, (max-width: 1024px) 100vw, 1024px\" \/><\/figure>\n\n\n\n<p class=\"has-text-align-center has-text-color\" style=\"color:#7a7a7a\"><mark style=\"background-color:rgba(0, 0, 0, 0)\" class=\"has-inline-color has-foreground-color\">Un espacio para pausar, respirar y renovar tu energ\u00eda.<\/mark><\/p>\n\n\n\n<p class=\"has-text-align-center\">Vive un momento con nosotros.<\/p>\n<\/div>\n<\/div>\n\n\n\n<h3 class=\"wp-block-heading has-text-align-center has-large-font-size\" id=\"inspiro-is-a-digital-product-agency-that-focuses-on-strategy-and-desig\" style=\"font-style:normal;font-weight:300\">CENTRO VIBRA EN ARMON\u00cdA<\/h3>\n\n\n\n<figure class=\"wp-block-video\"><video height=\"480\" style=\"aspect-ratio: 854 \/ 480;\" width=\"854\" autoplay controls loop muted src=\"https:\/\/vibraenarmonia.cl\/wp-content\/uploads\/2026\/01\/1224-1.mp4\" playsinline><\/video><\/figure>\n\n\n\n<div class=\"wp-block-cover alignfull is-light\" style=\"padding-top:50px;padding-right:50px;padding-bottom:50px;padding-left:50px;min-height:316px;aspect-ratio:unset;\"><span aria-hidden=\"true\" class=\"wp-block-cover__background has-lightgrey-background-color has-background-dim-100 has-background-dim\"><\/span><div class=\"wp-block-cover__inner-container is-layout-flow wp-block-cover-is-layout-flow\">\n<div class=\"wp-block-columns are-vertically-aligned-center is-layout-flex wp-container-core-columns-is-layout-28f84493 wp-block-columns-is-layout-flex\">\n<div class=\"wp-block-column is-vertically-aligned-center is-layout-flow wp-block-column-is-layout-flow\" style=\"padding-top:20px;padding-right:0px;padding-bottom:20px;padding-left:0px\">\n<div class=\"wp-block-group is-content-justification-space-between is-nowrap is-layout-flex wp-container-core-group-is-layout-bb3dfb5c wp-block-group-is-layout-flex\">\n<figure class=\"wp-block-image size-full wp-duotone-000-000-1\"><img decoding=\"async\" src=\"https:\/\/vibraenarmonia.cl\/wp-content\/themes\/inspiro\/assets\/images\/laurel_left.png\" alt=\"\"\/><\/figure>\n\n\n\n<div class=\"wp-block-group is-layout-flow wp-block-group-is-layout-flow\">\n<p class=\"has-text-align-center has-white-color has-text-color\" style=\"font-size:clamp(14px, 0.875rem + ((1vw - 3.2px) * 0.354), 18px);line-height:1\"><mark style=\"background-color:rgba(0, 0, 0, 0)\" class=\"has-inline-color has-foreground-color\">BIENESTAR<\/mark><\/p>\n<\/div>\n\n\n\n<figure class=\"wp-block-image size-full wp-duotone-000-000-2\"><img decoding=\"async\" src=\"https:\/\/vibraenarmonia.cl\/wp-content\/themes\/inspiro\/assets\/images\/laurel_right.png\" alt=\"\"\/><\/figure>\n<\/div>\n<\/div>\n\n\n\n<div class=\"wp-block-column is-vertically-aligned-center is-layout-flow wp-block-column-is-layout-flow\" style=\"padding-top:20px;padding-right:0px;padding-bottom:20px;padding-left:0px\">\n<div class=\"wp-block-group is-content-justification-space-between is-nowrap is-layout-flex wp-container-core-group-is-layout-bb3dfb5c wp-block-group-is-layout-flex\">\n<figure class=\"wp-block-image size-full wp-duotone-000-000-3\"><img decoding=\"async\" src=\"https:\/\/vibraenarmonia.cl\/wp-content\/themes\/inspiro\/assets\/images\/laurel_left.png\" alt=\"\"\/><\/figure>\n\n\n\n<div class=\"wp-block-group is-layout-flow wp-block-group-is-layout-flow\">\n<p class=\"has-text-align-center has-white-color has-text-color\" style=\"font-size:clamp(14px, 0.875rem + ((1vw - 3.2px) * 0.354), 18px);line-height:1\"><mark style=\"background-color:rgba(0, 0, 0, 0)\" class=\"has-inline-color has-foreground-color\">VIBRA EN ARMON\u00cdA<\/mark><\/p>\n<\/div>\n\n\n\n<figure class=\"wp-block-image size-full wp-duotone-000-101010-4\"><img decoding=\"async\" src=\"https:\/\/vibraenarmonia.cl\/wp-content\/themes\/inspiro\/assets\/images\/laurel_right.png\" alt=\"\"\/><\/figure>\n<\/div>\n<\/div>\n\n\n\n<div class=\"wp-block-column is-vertically-aligned-center is-layout-flow wp-block-column-is-layout-flow\" style=\"padding-top:20px;padding-right:0px;padding-bottom:20px;padding-left:0px\">\n<div class=\"wp-block-group is-content-justification-space-between is-nowrap is-layout-flex wp-container-core-group-is-layout-bb3dfb5c wp-block-group-is-layout-flex\">\n<figure class=\"wp-block-image size-full wp-duotone-000-101010-5\"><img decoding=\"async\" src=\"https:\/\/vibraenarmonia.cl\/wp-content\/themes\/inspiro\/assets\/images\/laurel_left.png\" alt=\"\"\/><\/figure>\n\n\n\n<div class=\"wp-block-group is-layout-flow wp-block-group-is-layout-flow\">\n<p class=\"has-text-align-center has-primary-color has-text-color\" style=\"font-size:clamp(14px, 0.875rem + ((1vw - 3.2px) * 0.354), 18px);line-height:1\">MEJOR SALUD<\/p>\n<\/div>\n\n\n\n<figure class=\"wp-block-image size-full has-custom-border wp-duotone-000-000-6\"><img decoding=\"async\" src=\"https:\/\/vibraenarmonia.cl\/wp-content\/themes\/inspiro\/assets\/images\/laurel_right.png\" alt=\"\" style=\"border-style:none;border-width:0px;border-top-left-radius:0px;border-top-right-radius:0px;border-bottom-left-radius:0px;border-bottom-right-radius:0px\"\/><\/figure>\n<\/div>\n<\/div>\n<\/div>\n<\/div><\/div>\n\n\n\n<p><\/p>\n","protected":false},"excerpt":{"rendered":"<p>Cuidar su belleza, salud y bienestar en un ambiente c\u00e1lido y profesional. Realizar un tratamiento orientado al cuidado y bienestar del rostro, ideal para relajar, revitalizar y mantener una piel saludable. A trav\u00e9s de maniobras suaves y continuas, ayuda a mejorar la circulaci\u00f3n, aportar frescura y promover una sensaci\u00f3n general de descanso y bienestar. En &hellip; <\/p>\n<p class=\"link-more\"><a href=\"https:\/\/vibraenarmonia.cl\/?page_id=43\" class=\"more-link\">Leer m\u00e1s<span class=\"screen-reader-text\"> \u00abNUESTRO PROP\u00d3SITO\u00bb<\/span><\/a><\/p>\n","protected":false},"author":3,"featured_media":0,"parent":0,"menu_order":0,"comment_status":"closed","ping_status":"closed","template":"","meta":{"footnotes":""},"class_list":["post-43","page","type-page","status-publish","hentry"],"_links":{"self":[{"href":"https:\/\/vibraenarmonia.cl\/index.php?rest_route=\/wp\/v2\/pages\/43","targetHints":{"allow":["GET"]}}],"collection":[{"href":"https:\/\/vibraenarmonia.cl\/index.php?rest_route=\/wp\/v2\/pages"}],"about":[{"href":"https:\/\/vibraenarmonia.cl\/index.php?rest_route=\/wp\/v2\/types\/page"}],"author":[{"embeddable":true,"href":"https:\/\/vibraenarmonia.cl\/index.php?rest_route=\/wp\/v2\/users\/3"}],"replies":[{"embeddable":true,"href":"https:\/\/vibraenarmonia.cl\/index.php?rest_route=%2Fwp%2Fv2%2Fcomments&post=43"}],"version-history":[{"count":7,"href":"https:\/\/vibraenarmonia.cl\/index.php?rest_route=\/wp\/v2\/pages\/43\/revisions"}],"predecessor-version":[{"id":555,"href":"https:\/\/vibraenarmonia.cl\/index.php?rest_route=\/wp\/v2\/pages\/43\/revisions\/555"}],"wp:attachment":[{"href":"https:\/\/vibraenarmonia.cl\/index.php?rest_route=%2Fwp%2Fv2%2Fmedia&parent=43"}],"curies":[{"name":"wp","href":"https:\/\/api.w.org\/{rel}","templated":true}]}}